{"id":52,"date":"2024-08-19T22:46:24","date_gmt":"2024-08-19T22:46:24","guid":{"rendered":"http:\/\/restaurantebrasaojf.com.br\/site\/contact\/"},"modified":"2024-09-07T21:39:17","modified_gmt":"2024-09-07T21:39:17","slug":"contato","status":"publish","type":"page","link":"http:\/\/restaurantebrasaojf.com.br\/site\/contato\/","title":{"rendered":"CONTATO"},"content":{"rendered":"\n\n\n\n<h4>Fale Conosco<\/h4>\n\n\n<p>Tem alguma d\u00favida ou deseja entrar em contato conosco? Estamos aqui para ajudar! <br><br>Utilize o formul\u00e1rio para enviar suas perguntas, coment\u00e1rios ou solicita\u00e7\u00f5es, e nossa equipe retornar\u00e1 o mais breve poss\u00edvel. Para consultas mais urgentes, voc\u00ea pode nos ligar diretamente. Agradecemos o seu interesse e esperamos atender voc\u00ea da melhor maneira poss\u00edvel.<\/p>\n\n\n\n\n\n\n\n\n\n\n\n\n\n\n\n\n\n\n\n\n\n\n\n\n\r\n<script><\/script>","protected":false},"excerpt":{"rendered":"","protected":false},"author":0,"featured_media":0,"parent":0,"menu_order":0,"comment_status":"closed","ping_status":"closed","template":"","meta":{"pagelayer_contact_templates":[],"_pagelayer_content":"","footnotes":""},"class_list":["post-52","page","type-page","status-publish","hentry"],"_links":{"self":[{"href":"http:\/\/restaurantebrasaojf.com.br\/site\/wp-json\/wp\/v2\/pages\/52","targetHints":{"allow":["GET"]}}],"collection":[{"href":"http:\/\/restaurantebrasaojf.com.br\/site\/wp-json\/wp\/v2\/pages"}],"about":[{"href":"http:\/\/restaurantebrasaojf.com.br\/site\/wp-json\/wp\/v2\/types\/page"}],"replies":[{"embeddable":true,"href":"http:\/\/restaurantebrasaojf.com.br\/site\/wp-json\/wp\/v2\/comments?post=52"}],"version-history":[{"count":5,"href":"http:\/\/restaurantebrasaojf.com.br\/site\/wp-json\/wp\/v2\/pages\/52\/revisions"}],"predecessor-version":[{"id":239,"href":"http:\/\/restaurantebrasaojf.com.br\/site\/wp-json\/wp\/v2\/pages\/52\/revisions\/239"}],"wp:attachment":[{"href":"http:\/\/restaurantebrasaojf.com.br\/site\/wp-json\/wp\/v2\/media?parent=52"}],"curies":[{"name":"wp","href":"https:\/\/api.w.org\/{rel}","templated":true}]}}